g + 3*x - 47. Suppose 0 = 2*t - 5*q - 233, 0 = t - 4*q - g - 65. List the prime factors of t.
2, 31
Let i(o) = -25*o**2 - 21*o - 37. Let p(x) = 6*x**2 + 5*x + 9. Let w(j) = 2*i(j) + 9*p(j). What are the prime factors of w(-3)?
2, 17
Suppose -43*y - 3*z = -45*y + 3601, -4*y + z + 7207 = 0. What are the prime factors of y?
2, 17, 53
Let c = 67 + -17. Let f = c - 17. List the prime factors of f.
3, 11
Let a(l) = -l**3 - 3*l**2 - 2*l + 2. Let q be a(-2). Suppose 4*o - 104 = -h, 5*o = -5*h + q*o + 503. List the prime factors of h.
2, 5
Let s be 24/18*141/2. Let d = 57 - s. Let p = d - -61. What are the prime factors of p?
2, 3
Suppose -8*p + 2*z + 1106 = -3*p, 2*z = 3*p - 666. List the prime factors of p.
2, 5, 11
Let s be (12/(-4) - -6) + 3. Suppose 0 = -s*c + c + 15. Suppose -c*z = -z - 68. What are the prime factors of z?
2, 17
Let h = -7 + 13. Suppose -4*r = -h + 2. Suppose -2*s + 130 = 5*p, -5*s + 2 = p - r. What are the prime factors of p?
2, 7
Suppose 2*q - 8 = -2. Suppose -2*m - 3 = -m + q*f, 2*f = 4*m - 16. Suppose -m*g + 6*g = 105. List the prime factors of g.
5, 7
Let j be (-12)/(-8)*(1 + 1). Suppose -4 = -c + j*c. What are the prime factors of 5 + c + (3 - -8)?
2, 7
Suppose -2*t + 3*x + 6 = -t, 5*t = -5*x - 30. Let s be (-2 + t/(-3))*-3. Suppose 6*u - 14 = 5*u - 4*j, -s*u + 49 = 5*j. List the prime factors of u.
2, 3
Let b be (-1 - 0) + (-2 - -5). Let w be b/12 - 8/48. Suppose w = -3*i + 3 + 54. List the prime factors of i.
19
Suppose 0 = b - 3 + 16. Let x = 10 + b. What are the prime factors of -46*(x + 20/8)?
23
Suppose 0 = 36*t - 8627 - 74389. List the prime factors of t.
2, 1153
Let t be (43/(-1))/(4 - (-1 - -6)). Let k = -33 + t. List the prime factors of k.
2, 5
Let k = 1020 - 511. List the prime factors of k.
509
Let o(k) = -6*k**3 - 6*k**2 - 5*k - 5. Let a be o(-4). List the prime factors of (a/(-9))/(-1) - (-20)/(-30).
3, 11
Let i be (-220)/88*-2*(1 - 0). Suppose -i*p + 997 = 327. What are the prime factors of p?
2, 67
Let w(p) = p**3 - 15*p**2 + 14*p + 14. Let a be w(14). Suppose -3*q = 2*x - a, -10 = -2*x - x + q. List the prime factors of x.
2
Let h(i) = 5*i. Let m be h(13). Suppose -349 = -4*z + 3*c, -3*z - m = 4*c - 358. Let g = z + -19. List the prime factors of g.
2, 3
Let l = -64 - 11. List the prime factors of 1210/18 - (l/27 + 3).
67
Suppose 8*a - 15 - 25 = 0. List the prime factors of (-6)/a*(-2 - 58).
2, 3
What are the prime factors of ((-33040)/105)/((-2)/12)?
2, 59
Let f be 3 - 0/(-1 + 0). Suppose 0 = -r - f*r + 400. Suppose 3*a + 2*a = r. List the prime factors of a.
2, 5
Let y(f) = -f + 3. Let q be y(-2). Suppose r = 7 - q. What are the prime factors of r?
2
Let s = -42 + 17. Let j = s + 31. Suppose -j*z + 40 = -z. List the prime factors of z.
2
Let f(b) = -b**2 + 38*b + 6. What are the prime factors of f(17)?
3, 11
Let j be 8/(-10)*5/(-2). Let u(t) = -2 - 1 + t**2 + j. List the prime factors of u(-6).
5, 7
Let a(s) = -5*s**3 - 4*s**2 - 4*s - 4. List the prime factors of a(-4).
2, 67
Let s(d) be the first derivative of 5*d**3/3 - d + 2. Let j be s(1). Suppose 0 = -g + 4*i + 4, i = -j*g + 2 + 48. What are the prime factors of g?
2, 3
Let a(p) = p**3 + 3*p**2 + 2*p + 2. Let x(m) = m**3 + 4*m**2 - 4*m + 3. Let w be x(-5). Let s be a(w). Suppose -60 = -0*i - s*i. List the prime factors of i.
2, 3, 5
What are the prime factors of -2 + (7/14)/(1/494)?
5, 7
Let x(a) = 9*a**3 - 5*a**2 + 2*a - 1. Let u(o) = 4*o**3 - 3*o**2 + o. Let z(i) = 7*u(i) - 3*x(i). Let m be z(6). List the prime factors of m + -3 + 3*-1.
3
Suppose -20*z + 17*z = -54. Let g be ((-8)/4)/((-4)/(-18)). Let j = z - g. List the prime factors of j.
3
Suppose -2488 = -3*x - 424. What are the prime factors of x?
2, 43
Suppose -12*p + 187 = -p. What are the prime factors of p?
17
Suppose 0 = -5*u + 2*u - 198. What are the prime factors of (u/4)/(((-15)/(-18))/(-5))?
3, 11
Suppose i - 3*c - 67 = 0, -3*i + 221 = -0*i + c. Let r = i - 36. Suppose 392 - r = 5*y. List the prime factors of y.
71
Let j(s) = s**3 - 8*s**2 - 9*s + 7. Let k be j(9). Let v = 9 - -69. Let a = v - k. What are the prime factors of a?
71
Let n(t) = -t - 5. Let u be n(-11). Suppose -5*x - 49 = -u*x. What are the prime factors of x?
7
Suppose 2*b + 4*g = -b + 92, b + 3*g - 29 = 0. Suppose 30*c + 118 = b*c. What are the prime factors of c?
59
Let q be 1 - 1/(0 + -1). Let h = 196 + -194. Suppose o = h + q. What are the prime factors of o?
2
What are the prime factors of 8529/12 - 3/(-12)?
3, 79
Let k(s) = 108*s**2 + 3*s + 2. Let l be k(-1). Suppose l = v - 3. What are the prime factors of v?
2, 5, 11
Let j(k) = 5*k**2 - 10*k - 25. Let y(l) = -14*l**2 + 29*l + 74. Let r(u) = 17*j(u) + 6*y(u). What are the prime factors of r(10)?
3, 53
Let r = 29 + -71. Let z be r/(-9) - 8/12. Suppose 6*h - 36 = z*h. List the prime factors of h.
2, 3
Let q(p) = -2*p**3 + 4*p**2 + 6*p + 3. Let n be q(3). Suppose -4*k = 5*h - 3*h - 692, 3*k - 522 = -n*h. List the prime factors of k.
2, 43
Let z = 5839 - -464. List the prime factors of z.
3, 11, 191
Let z = 1520 - 380. List the prime factors of z.
2, 3, 5, 19
Let h(t) = -1. Let a(z) = 3*z - 2. Suppose -4*l - 9 = d, 25 = -5*l - d - 3*d. Let c(v) = l*a(v) + 2*h(v). What are the prime factors of c(-5)?
3, 5
Let a(l) = 20*l**2 + 2*l + 3. Let x be a(4). Suppose -3*s + 169 = 2*o - 0*s, 0 = 4*o - s - x. What are the prime factors of o?
83
Let n = 40 - 20. Suppose -q + n = 3*q. Suppose a + a - 77 = -q*p, 31 = a + p. What are the prime factors of a?
2, 13
Suppose -10*k + 5*k + 20 = 0. Suppose k*s + 2 = 5*s. Suppose 2*r - s - 48 = 0. List the prime factors of r.
5
Let a(h) = -h**3 + 13*h**2 - 11*h + 6. Suppose -5*g + 2*y = -62, -7*g - y = -2*g - 59. Let w be a(g). Let x = w - 6. What are the prime factors of x?
2, 3
Suppose -3097 = -j + 12*a - 7*a, 0 = -a - 3. List the prime factors of j.
2, 23, 67
Let s = -342 + 519. List the prime factors of s.
3, 59
Suppose -15*r = 167 - 782. What are the prime factors of r?
41
Let m = -24 + 30. Suppose m*n - 11*n = -210. List the prime factors of n.
2, 3, 7
Suppose 20 = -i + 78. Let g = i - 29. What are the prime factors of g?
29
Let m(d) = 463*d - 366. List the prime factors of m(8).
2, 1669
Let f(c) = -c**2 - 36*c - 133. What are the prime factors of f(-11)?
2, 71
Let p = -102 - -72. Let c be p/(-75) + 328/5. Let h = c - 18. List the prime factors of h.
2, 3
Let t(i) = i + 12. Let x be t(-10). Suppose -2*b = x*b - 20. List the prime factors of (-19 - -14)*b*-1.
5
Suppose 2*m - 5*j = -25, -25 = -7*m + 2*m - 5*j. Suppose -2*x - 3*v + 10 + 15 = m, 3*x - 28 = 5*v. What are the prime factors of x?
11
Let j = 0 + 5. Suppose 0 = 3*n + j*d + 100, -2*n - 64 = -d + 5*d. Let q = 66 + n. What are the prime factors of q?
2, 13
Suppose -12 = -2*r + 12. Let m be ((-51)/(-6))/(1/(-2)). Let t = r - m. List the prime factors of t.
29
Let w = 2319 - 1260. What are the prime factors of w?
3, 353
Let b(v) = v**2 + v + 1. Let f(q) = q**2 - 4*q - 2. Let k(d) = 3*b(d) - f(d). Let h(s) = -s**2 - 10*s - 6. Let m be h(-10). List the prime factors of k(m).
5, 7
Suppose 0 = 2*r + r + 27. Let p(i) = -6*i + 6. Let l be p(r). Suppose 3*g + 3*q = l, 2*q = -2*g + q + 43. List the prime factors of g.
23
Let y(j) = -j**3 + 13*j**2 + 23*j - 8. Let w be y(14). Let i = -35 + w. List the prime factors of i.
83
Let y(v) = v**2 + 7*v + 2. Let d be y(-6). Let x be (d + -1 + 4)*-2. Suppose -7*o = -x*o - 90. What are the prime factors of o?
2, 3
Let x(n) = 65*n**3 + n**2 - 4*n. What are the prime factors of x(2)?
2, 3, 43
Suppose -2*z - 2*z + 760 = 0. Let o = 4 - -1. Suppose -3*w - 2*w = 5*a - z, -4*w + 190 = o*a. List the prime factors of a.
2, 19
Let b(g) = 39*g - 1. Let a be b(2). Suppose -2*v - 68 = -7*v - f, 5*v - a = -4*f. Suppose -4*l = 2*c - 6, 2*l + 0*l = -3*c + v. List the prime factors of c.
5
Let i(g) = 10*g**2 - 4*g + 3. List the prime factors of i(4).
3, 7
Let c = -1959 - -4582. What are the prime factors of c?
43, 61
Suppose -42 = -0*w - 3*w. List the prime factors of 1128/w + 6/14.
3
Let c be 2/2*(5 - 1). Let q be -1381*1 - (3 - c). What are the prime factors of (-4)/(-14) + q/(-70)?
2, 5
Let n(s) = 5*s**3 + s**2 + 7*s. Let v(f) = -11*f**3 - 2*f**2 - 14*f - 1. Let y(b) = -13*n(b) - 6*v(b). What are the prime factors of y(5)?
71
Let u = 644 + 1332. List the pr